the highest common divisor of 32 and 3184.
16
Calculate the greatest common divisor of 216 and 135.
27
Calculate the greatest common divisor of 28 and 1316.
28
What is the highest common divisor of 1340 and 7772?
268
Calculate the greatest common factor of 3180 and 60.
60
What is the highest common divisor of 6 and 7314?
6
What is the greatest common divisor of 6 and 183?
3
What is the highest common divisor of 3758 and 8?
2
What is the greatest common factor of 1379 and 63?
7
What is the greatest common factor of 2 and 56?
2
What is the highest common factor of 216 and 16?
8
Calculate the greatest common factor of 378 and 28.
14
Calculate the greatest common divisor of 11825 and 172.
43
Calculate the highest common divisor of 795 and 106.
53
Calculate the greatest common factor of 224 and 96.
32
Calculate the greatest common divisor of 54 and 336.
6
Calculate the highest common factor of 768 and 2880.
192
What is the greatest common factor of 512 and 176?
16
Calculate the highest common divisor of 3380 and 60.
20
Calculate the greatest common factor of 364 and 8.
4
What is the highest common divisor of 4473 and 923?
71
What is the greatest common divisor of 96 and 6?
6
What is the highest common factor of 17 and 5729?
17
Calculate the highest common factor of 120 and 2700.
60
What is the greatest common divisor of 150 and 2505?
15
What is the greatest common factor of 20560 and 16?
16
What is the highest common factor of 56 and 476?
28
Calculate the highest common factor of 805 and 46.
23
What is the highest common factor of 141 and 19740?
141
Calculate the greatest common factor of 95 and 5.
5
Calculate the greatest common divisor of 124 and 4.
4
Calculate the greatest common factor of 27001 and 39.
13
Calculate the highest common divisor of 50 and 170.
10
Calculate the highest common divisor of 2169 and 4579.
241
Calculate the greatest common divisor of 954 and 106.
106
Calculate the greatest common divisor of 10 and 80.
10
Calculate the greatest common divisor of 192 and 36.
12
What is the highest common factor of 8787 and 303?
303
Calculate the highest common factor of 2627 and 333.
37
What is the greatest common divisor of 66 and 462?
66
What is the greatest common divisor of 8 and 216?
8
Calculate the greatest common divisor of 19 and 893.
19
What is the highest common divisor of 3430 and 10?
10
Calculate the highest common factor of 116 and 3712.
116
Calculate the highest common divisor of 88 and 64.
8
Calculate the highest common factor of 297 and 561.
33
Calculate the highest common divisor of 143 and 176.
11
What is the greatest common divisor of 46 and 178?
2
What is the highest common divisor of 1435 and 315?
35
What is the greatest common factor of 18 and 441?
9
Calculate the highest common factor of 5 and 85.
5
Calculate the highest common factor of 14720 and 115.
115
Calculate the highest common factor of 50 and 8.
2
Calculate the highest common factor of 1206 and 18.
18
Calculate the greatest common factor of 1652 and 1298.
118
What is the greatest common factor of 1004 and 68?
4
Calculate the highest common divisor of 8 and 108.
4
What is the greatest common factor of 893 and 19?
19
Calculate the greatest common factor of 1968 and 72.
24
Calculate the greatest common divisor of 24102 and 18.
18
What is the highest common divisor of 216 and 184?
8
Calculate the greatest common divisor of 224 and 728.
56
Calculate the highest common divisor of 32 and 656.
16
What is the highest common divisor of 560 and 240?
80
What is the highest common divisor of 1649 and 679?
97
What is the highest common factor of 255 and 45?
15
What is the highest common factor of 12 and 804?
12
What is the highest common divisor of 85 and 16235?
85
What is the greatest common divisor of 2442 and 44?
22
Calculate the greatest common divisor of 119 and 153.
17
What is the highest common factor of 950 and 342?
38
Calculate the highest common factor of 16 and 26.
2
What is the greatest common factor of 27 and 1773?
9
What is the highest common divisor of 1155 and 33?
33
What is the highest common divisor of 1180 and 100?
20
Calculate the highest common divisor of 8901 and 1863.
207
Calculate the highest common divisor of 17 and 4777.
17
What is the highest common divisor of 65 and 2483?
13
Calculate the highest common divisor of 11791 and 13.
13
Calculate the greatest common divisor of 161 and 7.
7
What is the highest common factor of 2925 and 225?
225
What is the highest common divisor of 30 and 470?
10
Calculate the highest common factor of 132 and 192.
12
What is the highest common factor of 4087 and 61?
61
What is the highest common divisor of 284 and 142?
142
What is the highest common factor of 33 and 1485?
33
Calculate the highest common factor of 50 and 380.
10
Calculate the greatest common factor of 176 and 32.
16
What is the highest common factor of 602 and 860?
86
What is the highest common factor of 42 and 243?
3
What is the greatest common divisor of 308 and 1652?
28
Calculate the highest common divisor of 46 and 851.
23
Calculate the highest common factor of 66 and 583.
11
Calculate the highest common factor of 18 and 816.
6
Calculate the greatest common factor of 2898 and 45.
9
Calculate the highest common divisor of 122 and 16897.
61
Calculate the highest common factor of 160 and 40.
40
What is the greatest common factor of 441 and 7?
7
Calculate the greatest common factor of 1805 and 5.
5
What is the highest common factor of 532 and 84?
28
Calculate the greatest common factor of 726 and 6.
6
Calculate the greatest common divisor of 30 and 40.
10
Calculate the highest common divisor of 52 and 1170.
26
What is the highest common factor of 99936 and 288?
288
Calculate the greatest common factor of 80 and 16760.
40
Calculate the highest common divisor of 5986 and 438.
146
Calculate the greatest common divisor of 103 and 17201.
103
Calculate the greatest common divisor of 165 and 132.
33
Calculate the greatest common divisor of 80 and 20.
20
Calculate the greatest common factor of 518 and 350.
14
What is the highest common factor of 79 and 1?
1
What is the greatest common factor of 35 and 45?
5
What is the highest common divisor of 23845 and 285?
95
Calculate the greatest common divisor of 135 and 1530.
45
What is the greatest common factor of 112 and 1358?
14
Calculate the greatest common divisor of 12 and 4050.
6
Calculate the highest common factor of 48 and 1476.
12
What is the greatest common factor of 7 and 21?
7
What is the highest common factor of 84 and 2268?
84
Calculate the greatest common divisor of 40 and 24.
8
What is the highest common factor of 256 and 72?
8
Calculate the highest common divisor of 2436 and 60.
12
What is the greatest common divisor of 861 and 21?
21
What is the highest common factor of 18 and 16101?
9
Calculate the greatest common divisor of 1053 and 16497.
351
What is the greatest common divisor of 86 and 2881?
43
Calculate the greatest common factor of 800 and 64.
32
What is the highest common divisor of 4004 and 22?
22
Calculate the greatest common factor of 4 and 296.
4
Calculate the highest common factor of 612 and 144.
36
What is the greatest common factor of 81 and 576?
9
Calculate the greatest common divisor of 7580 and 20.
20
Calculate the highest common divisor of 81 and 1971.
27
What is the highest common factor of 100 and 20?
20
What is the highest common factor of 67 and 871?
67
Calculate the highest common divisor of 221 and 91.
13
Calculate the greatest common factor of 1 and 13.
1
Calculate the highest common factor of 1817 and 553.
79
What is the greatest common factor of 957 and 429?
33
Calculate the greatest common factor of 384 and 456.
24
Calculate the highest common factor of 5450 and 25.
25
What is the greatest common divisor of 510 and 28815?
255
Calculate the greatest common factor of 4 and 36.
4
What is the greatest common factor of 28 and 567?
7
What is the highest common divisor of 116 and 16?
4
What is the highest common factor of 84 and 2?
2
What is the greatest common divisor of 81 and 621?
27
Calculate the greatest common divisor of 4 and 2.
2
What is the greatest common factor of 231 and 264?
33
What is the highest common divisor of 60 and 276?
12
Calculate the greatest common d